{"id":81,"date":"2023-01-31T07:38:00","date_gmt":"2023-01-31T05:38:00","guid":{"rendered":"https:\/\/kivisill.ee\/?page_id=81"},"modified":"2024-12-20T13:39:34","modified_gmt":"2024-12-20T11:39:34","slug":"kontaktid","status":"publish","type":"page","link":"https:\/\/kivisill.ee\/?page_id=81","title":{"rendered":"Kontaktid"},"content":{"rendered":"<p>[et_pb_section fb_built=&#187;1&#8243; _builder_version=&#187;4.19.5&#8243; _module_preset=&#187;default&#187; background_color=&#187;#FFFFFF&#187; custom_padding=&#187;||0px||false|false&#187; border_width_bottom=&#187;1px&#187; border_color_bottom=&#187;#d8d8d8&#8243; global_module=&#187;314&#8243; saved_tabs=&#187;all&#187; global_colors_info=&#187;{}&#187;][et_pb_row column_structure=&#187;1_3,1_3,1_3&#8243; use_custom_gutter=&#187;on&#187; make_equal=&#187;on&#187; _builder_version=&#187;4.19.5&#8243; _module_preset=&#187;default&#187; background_color=&#187;RGBA(255,255,255,0)&#187; width=&#187;100%&#187; max_width=&#187;2560px&#187; custom_margin=&#187;-60px||0px||false|false&#187; custom_padding=&#187;||0px||false|false&#187; border_width_bottom=&#187;1px&#187; border_color_bottom=&#187;rgba(140,140,140,0.39)&#187; global_colors_info=&#187;{}&#187;][et_pb_column type=&#187;1_3&#8243; _builder_version=&#187;4.19.5&#8243; _module_preset=&#187;default&#187; global_colors_info=&#187;{}&#187;][et_pb_text _builder_version=&#187;4.19.5&#8243; _module_preset=&#187;default&#187; global_colors_info=&#187;{}&#187;]<\/p>\n<p style=\"text-align: center;\"><a href=\"mailto:info@kivisill.ee\">info@kivisill.ee<\/a><\/p>\n<p>[\/et_pb_text][\/et_pb_column][et_pb_column type=&#187;1_3&#8243; _builder_version=&#187;4.19.5&#8243; _module_preset=&#187;default&#187; global_colors_info=&#187;{}&#187;][et_pb_text _builder_version=&#187;4.19.5&#8243; _module_preset=&#187;default&#187; global_colors_info=&#187;{}&#187;]<\/p>\n<p style=\"text-align: center;\">+372 336 9093, +372 503 6713<\/p>\n<p>[\/et_pb_text][\/et_pb_column][et_pb_column type=&#187;1_3&#8243; _builder_version=&#187;4.19.5&#8243; _module_preset=&#187;default&#187; global_colors_info=&#187;{}&#187;][et_pb_menu menu_id=&#187;14&#8243; menu_style=&#187;centered&#187; active_link_color=&#187;#7a7a7a&#187; dropdown_menu_bg_color=&#187;#FFFFFF&#187; dropdown_menu_line_color=&#187;#a0a0a0&#8243; dropdown_menu_text_color=&#187;#000000&#8243; dropdown_menu_active_link_color=&#187;#000000&#8243; mobile_menu_bg_color=&#187;#FFFFFF&#187; mobile_menu_text_color=&#187;#000000&#8243; show_search_icon=&#187;on&#187; _builder_version=&#187;4.19.5&#8243; _module_preset=&#187;default&#187; menu_font=&#187;|600|||||||&#187; menu_text_color=&#187;#3a3a3a&#187; background_color=&#187;RGBA(255,255,255,0)&#187; global_colors_info=&#187;{}&#187;][\/et_pb_menu][\/et_pb_column][\/et_pb_row][et_pb_row column_structure=&#187;1_3,1_3,1_3&#8243; use_custom_gutter=&#187;on&#187; make_equal=&#187;on&#187; _builder_version=&#187;4.19.5&#8243; _module_preset=&#187;default&#187; width=&#187;95%&#187; max_width=&#187;1890px&#187; global_colors_info=&#187;{}&#187;][et_pb_column type=&#187;1_3&#8243; _builder_version=&#187;4.19.5&#8243; _module_preset=&#187;default&#187; global_colors_info=&#187;{}&#187;][\/et_pb_column][et_pb_column type=&#187;1_3&#8243; _builder_version=&#187;4.19.5&#8243; _module_preset=&#187;default&#187; global_colors_info=&#187;{}&#187;][et_pb_image src=&#187;https:\/\/kivisill.ee\/wp-content\/uploads\/2023\/02\/kivisill-logo_B.png&#187; title_text=&#187;kivisill-logo_B&#187; url=&#187;@ET-DC@eyJkeW5hbWljIjp0cnVlLCJjb250ZW50IjoiaG9tZV91cmwiLCJzZXR0aW5ncyI6e319@&#187; _builder_version=&#187;4.19.5&#8243; _dynamic_attributes=&#187;url&#187; _module_preset=&#187;default&#187; width=&#187;54%&#187; module_alignment=&#187;center&#187; global_colors_info=&#187;{}&#187;][\/et_pb_image][\/et_pb_column][et_pb_column type=&#187;1_3&#8243; _builder_version=&#187;4.19.5&#8243; _module_preset=&#187;default&#187; global_colors_info=&#187;{}&#187;][\/et_pb_column][\/et_pb_row][et_pb_row _builder_version=&#187;4.20.0&#8243; _module_preset=&#187;default&#187; custom_margin=&#187;||-24px||false|false&#187; global_colors_info=&#187;{}&#187;][et_pb_column type=&#187;4_4&#8243; _builder_version=&#187;4.19.5&#8243; _module_preset=&#187;default&#187; global_colors_info=&#187;{}&#187;][et_pb_menu menu_id=&#187;12&#8243; menu_style=&#187;centered&#187; active_link_color=&#187;#6b6b6b&#187; _builder_version=&#187;4.20.0&#8243; _module_preset=&#187;default&#187; menu_text_color=&#187;#000000&#8243; menu_font_size=&#187;19px&#187; custom_margin=&#187;-32px||||false|false&#187; global_colors_info=&#187;{}&#187;][\/et_pb_menu][\/et_pb_column][\/et_pb_row][\/et_pb_section][et_pb_section fb_built=&#187;1&#8243; _builder_version=&#187;4.19.5&#8243; _module_preset=&#187;default&#187; global_colors_info=&#187;{}&#187;][et_pb_row column_structure=&#187;1_2,1_2&#8243; _builder_version=&#187;4.19.5&#8243; _module_preset=&#187;default&#187; border_width_bottom=&#187;1px&#187; border_color_bottom=&#187;#cecece&#187; global_colors_info=&#187;{}&#187;][et_pb_column type=&#187;1_2&#8243; _builder_version=&#187;4.19.5&#8243; _module_preset=&#187;default&#187; global_colors_info=&#187;{}&#187;][et_pb_image src=&#187;https:\/\/kivisill.ee\/wp-content\/uploads\/2023\/02\/map_02.jpg&#187; title_text=&#187;map_02&#8243; url=&#187;https:\/\/goo.gl\/maps\/evCLD6si1DH7qswa6&#8243; url_new_window=&#187;on&#187; _builder_version=&#187;4.19.5&#8243; _module_preset=&#187;default&#187; global_colors_info=&#187;{}&#187;][\/et_pb_image][\/et_pb_column][et_pb_column type=&#187;1_2&#8243; _builder_version=&#187;4.19.5&#8243; _module_preset=&#187;default&#187; global_colors_info=&#187;{}&#187;][et_pb_text _builder_version=&#187;4.27.4&#8243; _module_preset=&#187;default&#187; hover_enabled=&#187;0&#8243; global_colors_info=&#187;{}&#187; sticky_enabled=&#187;0&#8243;]<\/p>\n<p class=\"p1\"><span class=\"s1\"><strong>Peakontor, kauplus:<\/strong><br \/><\/span><span class=\"s2\">Kohtla-J\u00e4rve, P\u00e4rna 34\u0430<\/span><\/p>\n<p class=\"p1\"><span class=\"s2\">Telefon: +372 336 9093<br \/><\/span><span class=\"s2\">Mobiiltelefon: +372 503 6713<\/span><\/p>\n<p class=\"p1\"><span class=\"s2\">e-mail: <\/span><a href=\"mailto:info@kivisill.ee\"><span class=\"s1\">info@kivisill.ee<\/span><\/a><\/p>\n<p>[\/et_pb_text][\/et_pb_column][\/et_pb_row][et_pb_row column_structure=&#187;1_2,1_2&#8243; _builder_version=&#187;4.19.5&#8243; _module_preset=&#187;default&#187; border_width_bottom=&#187;1px&#187; border_color_bottom=&#187;#cecece&#187; global_colors_info=&#187;{}&#187;][et_pb_column type=&#187;1_2&#8243; _builder_version=&#187;4.19.5&#8243; _module_preset=&#187;default&#187; global_colors_info=&#187;{}&#187;][\/et_pb_column][et_pb_column type=&#187;1_2&#8243; _builder_version=&#187;4.19.5&#8243; _module_preset=&#187;default&#187; global_colors_info=&#187;{}&#187;][et_pb_text _builder_version=&#187;4.27.4&#8243; _module_preset=&#187;default&#187; hover_enabled=&#187;0&#8243; global_colors_info=&#187;{}&#187; sticky_enabled=&#187;0&#8243;][\/et_pb_text][\/et_pb_column][\/et_pb_row][et_pb_row column_structure=&#187;1_2,1_2&#8243; _builder_version=&#187;4.19.5&#8243; _module_preset=&#187;default&#187; global_colors_info=&#187;{}&#187;][et_pb_column type=&#187;1_2&#8243; _builder_version=&#187;4.19.5&#8243; _module_preset=&#187;default&#187; global_colors_info=&#187;{}&#187;][et_pb_image src=&#187;https:\/\/kivisill.ee\/wp-content\/uploads\/2023\/02\/Igavik-logo-must.png&#187; title_text=&#187;Igavik-logo-must&#187; align=&#187;right&#187; _builder_version=&#187;4.19.5&#8243; _module_preset=&#187;default&#187; width=&#187;22%&#187; module_alignment=&#187;center&#187; custom_margin=&#187;13px||||false|false&#187; global_colors_info=&#187;{}&#187;][\/et_pb_image][\/et_pb_column][et_pb_column type=&#187;1_2&#8243; _builder_version=&#187;4.19.5&#8243; _module_preset=&#187;default&#187; global_colors_info=&#187;{}&#187;][et_pb_text _builder_version=&#187;4.20.0&#8243; _module_preset=&#187;default&#187; global_colors_info=&#187;{}&#187;]<\/p>\n<p class=\"p1\"><span class=\"s1\"><strong>M\u00fc\u00fcjad:<\/strong><\/span><span class=\"s2\"><br \/><\/span><span class=\"s2\">J.M. Igavik, S\u00f5pruse 18, tel. +372 332 2081<\/span><\/p>\n<p>[\/et_pb_text][\/et_pb_column][\/et_pb_row][\/et_pb_section]<\/p>\n","protected":false},"excerpt":{"rendered":"<p>info@kivisill.ee+372 336 9093, +372 503 6713Peakontor, kauplus:Kohtla-J\u00e4rve, P\u00e4rna 34\u0430 Telefon: +372 336 9093Mobiiltelefon: +372 503 6713 e-mail: info@kivisill.eeM\u00fc\u00fcjad:J.M. Igavik, S\u00f5pruse 18, tel. +372 332 2081<\/p>\n","protected":false},"author":2,"featured_media":0,"parent":0,"menu_order":0,"comment_status":"closed","ping_status":"closed","template":"","meta":{"_et_pb_use_builder":"on","_et_pb_old_content":"","_et_gb_content_width":"","footnotes":""},"class_list":["post-81","page","type-page","status-publish","hentry"],"_links":{"self":[{"href":"https:\/\/kivisill.ee\/index.php?rest_route=\/wp\/v2\/pages\/81","targetHints":{"allow":["GET"]}}],"collection":[{"href":"https:\/\/kivisill.ee\/index.php?rest_route=\/wp\/v2\/pages"}],"about":[{"href":"https:\/\/kivisill.ee\/index.php?rest_route=\/wp\/v2\/types\/page"}],"author":[{"embeddable":true,"href":"https:\/\/kivisill.ee\/index.php?rest_route=\/wp\/v2\/users\/2"}],"replies":[{"embeddable":true,"href":"https:\/\/kivisill.ee\/index.php?rest_route=%2Fwp%2Fv2%2Fcomments&post=81"}],"version-history":[{"count":13,"href":"https:\/\/kivisill.ee\/index.php?rest_route=\/wp\/v2\/pages\/81\/revisions"}],"predecessor-version":[{"id":1921,"href":"https:\/\/kivisill.ee\/index.php?rest_route=\/wp\/v2\/pages\/81\/revisions\/1921"}],"wp:attachment":[{"href":"https:\/\/kivisill.ee\/index.php?rest_route=%2Fwp%2Fv2%2Fmedia&parent=81"}],"curies":[{"name":"wp","href":"https:\/\/api.w.org\/{rel}","templated":true}]}}